{"id":3392,"date":"2022-03-02T15:27:58","date_gmt":"2022-03-02T14:27:58","guid":{"rendered":"http:\/\/projet-cecc.org\/?page_id=3392"},"modified":"2024-04-25T10:53:58","modified_gmt":"2024-04-25T08:53:58","slug":"axe-2-trajectoires-regionales","status":"publish","type":"page","link":"https:\/\/www.projet-cecc.org\/?page_id=3392","title":{"rendered":"Axe 1 : Trajectoires r\u00e9gionales"},"content":{"rendered":"\t\t<div data-elementor-type=\"wp-page\" data-elementor-id=\"3392\" class=\"elementor elementor-3392\" data-elementor-post-type=\"page\">\n\t\t\t\t\t\t<section class=\"elementor-section elementor-top-section elementor-element elementor-element-1fb60f3 elementor-section-boxed elementor-section-height-default elementor-section-height-default\" data-id=\"1fb60f3\" data-element_type=\"section\">\n\t\t\t\t\t\t<div class=\"elementor-container elementor-column-gap-default\">\n\t\t\t\t\t<div class=\"elementor-column elementor-col-100 elementor-top-column elementor-element elementor-element-7fc9380\" data-id=\"7fc9380\" data-element_type=\"column\">\n\t\t\t<div class=\"elementor-widget-wrap elementor-element-populated\">\n\t\t\t\t\t\t<div class=\"elementor-element elementor-element-759128a elementor-widget elementor-widget-text-editor\" data-id=\"759128a\" data-element_type=\"widget\" data-widget_type=\"text-editor.default\">\n\t\t\t\t<div class=\"elementor-widget-container\">\n\t\t\t\t\t\t\t\t\t<p><span style=\"color: #000080;\"><strong>Cet axe de travail vise \u00e0 produire des trajectoires d\u2019\u00e9volution des ressources en eau et des al\u00e9as hydrom\u00e9t\u00e9orologiques \u00e0 l\u2019\u00e9chelle d\u2019une r\u00e9gion climatique, les deux r\u00e9gions d\u2019application \u00e9tant ici le Sahel et les Andes Tropicales Sud.\u00a0<\/strong><\/span><\/p><p><span style=\"color: #000080;\"><strong>Dans un premier temps, l\u2019objectif est de mieux d\u00e9crire et comprendre les modifications pass\u00e9es et pr\u00e9sentes des diff\u00e9rents termes du cycle de l\u2019eau des grands bassins du Sahel ouest-africain et des bassins de la zone andine.\u00a0<\/strong><\/span><\/p><p><span style=\"color: #000080;\"><strong>Il s\u2019agira ensuite d\u2019anticiper les changements \u00e0 venir possibles sous l\u2019effet combin\u00e9 du r\u00e9chauffement climatique et d\u2019\u00e9volution d\u2019usage des sols, \u00e0 l\u2019horizon 2050-2100.\u00a0<\/strong><\/span><\/p><p><span style=\"color: #000080;\"><strong>Ces trajectoires hydro-climatiques doivent permettre d\u2019objectiver et de sc\u00e9nariser la mani\u00e8re dont le changement global pourrait macroscopiquement peser sur les trajectoires de d\u00e9veloppement appuy\u00e9es par l\u2019AFD, et de les prendre en compte pour infl\u00e9chir la conduite des op\u00e9rations \u00ab conventionnelles \u00bb financ\u00e9es dans le domaine de l\u2019eau \u00e0 l\u2019\u00e9chelle de territoires sp\u00e9cifiques (Axe 2 du projet).\u00a0<\/strong><\/span><\/p><p><span style=\"color: #000080;\"><strong>Les trajectoires produites dans ces actions seront probabilis\u00e9es ou, \u00e0 tout le moins, assorties de connaissances auxiliaires qui permettront de fonder un apprentissage collectif sur des outils int\u00e9gr\u00e9s et d\u2019informer les utilisateurs sur les incertitudes qui leur sont associ\u00e9es.<\/strong><\/span><\/p>\t\t\t\t\t\t\t\t<\/div>\n\t\t\t\t<\/div>\n\t\t\t\t\t<\/div>\n\t\t<\/div>\n\t\t\t\t\t<\/div>\n\t\t<\/section>\n\t\t\t\t<section class=\"elementor-section elementor-top-section elementor-element elementor-element-f8b493d elementor-section-boxed elementor-section-height-default elementor-section-height-default\" data-id=\"f8b493d\" data-element_type=\"section\">\n\t\t\t\t\t\t<div class=\"elementor-container elementor-column-gap-default\">\n\t\t\t\t\t<div class=\"elementor-column elementor-col-33 elementor-top-column elementor-element elementor-element-699837b\" data-id=\"699837b\" data-element_type=\"column\">\n\t\t\t<div class=\"elementor-widget-wrap elementor-element-populated\">\n\t\t\t\t\t\t<div class=\"elementor-element elementor-element-2f5ddb2 elementor-button-warning elementor-widget elementor-widget-button\" data-id=\"2f5ddb2\" data-element_type=\"widget\" data-widget_type=\"button.default\">\n\t\t\t\t<div class=\"elementor-widget-container\">\n\t\t\t\t\t\t\t\t\t<div class=\"elementor-button-wrapper\">\n\t\t\t\t\t<a class=\"elementor-button elementor-button-link elementor-size-lg\" href=\"http:\/\/www.projet-cecc.org\/index.php\/debiaisage-de-cmip-5-6\/\">\n\t\t\t\t\t\t<span class=\"elementor-button-content-wrapper\">\n\t\t\t\t\t\t\t\t\t<span class=\"elementor-button-text\">Actions : D\u00e9biaisage de sc\u00e9narios CMIP 5\/6<\/span>\n\t\t\t\t\t<\/span>\n\t\t\t\t\t<\/a>\n\t\t\t\t<\/div>\n\t\t\t\t\t\t\t\t<\/div>\n\t\t\t\t<\/div>\n\t\t\t\t\t<\/div>\n\t\t<\/div>\n\t\t\t\t<div class=\"elementor-column elementor-col-33 elementor-top-column elementor-element elementor-element-c98c1eb\" data-id=\"c98c1eb\" data-element_type=\"column\">\n\t\t\t<div class=\"elementor-widget-wrap elementor-element-populated\">\n\t\t\t\t\t\t<div class=\"elementor-element elementor-element-4b997bb elementor-button-warning elementor-widget elementor-widget-button\" data-id=\"4b997bb\" data-element_type=\"widget\" data-widget_type=\"button.default\">\n\t\t\t\t<div class=\"elementor-widget-container\">\n\t\t\t\t\t\t\t\t\t<div class=\"elementor-button-wrapper\">\n\t\t\t\t\t<a class=\"elementor-button elementor-button-link elementor-size-lg\" href=\"http:\/\/www.projet-cecc.org\/index.php\/impact-de-lusage-des-terres\/\">\n\t\t\t\t\t\t<span class=\"elementor-button-content-wrapper\">\n\t\t\t\t\t\t\t\t\t<span class=\"elementor-button-text\">Actions : Impact de l\u2019usage des terres<\/span>\n\t\t\t\t\t<\/span>\n\t\t\t\t\t<\/a>\n\t\t\t\t<\/div>\n\t\t\t\t\t\t\t\t<\/div>\n\t\t\t\t<\/div>\n\t\t\t\t\t<\/div>\n\t\t<\/div>\n\t\t\t\t<div class=\"elementor-column elementor-col-33 elementor-top-column elementor-element elementor-element-0d54615\" data-id=\"0d54615\" data-element_type=\"column\">\n\t\t\t<div class=\"elementor-widget-wrap elementor-element-populated\">\n\t\t\t\t\t\t<div class=\"elementor-element elementor-element-163d825 elementor-button-warning elementor-widget elementor-widget-button\" data-id=\"163d825\" data-element_type=\"widget\" data-widget_type=\"button.default\">\n\t\t\t\t<div class=\"elementor-widget-container\">\n\t\t\t\t\t\t\t\t\t<div class=\"elementor-button-wrapper\">\n\t\t\t\t\t<a class=\"elementor-button elementor-button-link elementor-size-lg\" href=\"http:\/\/www.projet-cecc.org\/index.php\/informations-hydroclimatiques-regionales\/\">\n\t\t\t\t\t\t<span class=\"elementor-button-content-wrapper\">\n\t\t\t\t\t\t\t\t\t<span class=\"elementor-button-text\">Actions : Informations hydroclimatiques r\u00e9gionales<\/span>\n\t\t\t\t\t<\/span>\n\t\t\t\t\t<\/a>\n\t\t\t\t<\/div>\n\t\t\t\t\t\t\t\t<\/div>\n\t\t\t\t<\/div>\n\t\t\t\t\t<\/div>\n\t\t<\/div>\n\t\t\t\t\t<\/div>\n\t\t<\/section>\n\t\t\t\t<section class=\"elementor-section elementor-top-section elementor-element elementor-element-f16d13d elementor-section-boxed elementor-section-height-default elementor-section-height-default\" data-id=\"f16d13d\" data-element_type=\"section\">\n\t\t\t\t\t\t<div class=\"elementor-container elementor-column-gap-default\">\n\t\t\t\t\t<div class=\"elementor-column elementor-col-100 elementor-top-column elementor-element elementor-element-3da1186\" data-id=\"3da1186\" data-element_type=\"column\">\n\t\t\t<div class=\"elementor-widget-wrap elementor-element-populated\">\n\t\t\t\t\t\t<div class=\"elementor-element elementor-element-8d1544a elementor-widget elementor-widget-spacer\" data-id=\"8d1544a\" data-element_type=\"widget\" data-widget_type=\"spacer.default\">\n\t\t\t\t<div class=\"elementor-widget-container\">\n\t\t\t\t\t\t\t<div class=\"elementor-spacer\">\n\t\t\t<div class=\"elementor-spacer-inner\"><\/div>\n\t\t<\/div>\n\t\t\t\t\t\t<\/div>\n\t\t\t\t<\/div>\n\t\t\t\t<div class=\"elementor-element elementor-element-6364a00 elementor-view-stacked elementor-shape-circle elementor-widget elementor-widget-icon\" data-id=\"6364a00\" data-element_type=\"widget\" data-widget_type=\"icon.default\">\n\t\t\t\t<div class=\"elementor-widget-container\">\n\t\t\t\t\t\t\t<div class=\"elementor-icon-wrapper\">\n\t\t\t<div class=\"elementor-icon\">\n\t\t\t<svg aria-hidden=\"true\" class=\"e-font-icon-svg e-fas-chart-line\" viewBox=\"0 0 512 512\" xmlns=\"http:\/\/www.w3.org\/2000\/svg\"><path d=\"M496 384H64V80c0-8.84-7.16-16-16-16H16C7.16 64 0 71.16 0 80v336c0 17.67 14.33 32 32 32h464c8.84 0 16-7.16 16-16v-32c0-8.84-7.16-16-16-16zM464 96H345.94c-21.38 0-32.09 25.85-16.97 40.97l32.4 32.4L288 242.75l-73.37-73.37c-12.5-12.5-32.76-12.5-45.25 0l-68.69 68.69c-6.25 6.25-6.25 16.38 0 22.63l22.62 22.62c6.25 6.25 16.38 6.25 22.63 0L192 237.25l73.37 73.37c12.5 12.5 32.76 12.5 45.25 0l96-96 32.4 32.4c15.12 15.12 40.97 4.41 40.97-16.97V112c.01-8.84-7.15-16-15.99-16z\"><\/path><\/svg>\t\t\t<\/div>\n\t\t<\/div>\n\t\t\t\t\t\t<\/div>\n\t\t\t\t<\/div>\n\t\t\t\t\t<\/div>\n\t\t<\/div>\n\t\t\t\t\t<\/div>\n\t\t<\/section>\n\t\t\t\t<\/div>\n\t\t","protected":false},"excerpt":{"rendered":"<p>Cet axe de travail vise \u00e0 produire des trajectoires d\u2019\u00e9volution des ressources en eau et des al\u00e9as hydrom\u00e9t\u00e9orologiques \u00e0 l\u2019\u00e9chelle d\u2019une r\u00e9gion climatique, les deux r\u00e9gions d\u2019application \u00e9tant ici le<\/p><\/div>\n<div class=\"blog-btn\"><a href=\"https:\/\/www.projet-cecc.org\/?page_id=3392\" class=\"home-blog-btn\">Lire la suite<\/a><\/p>\n","protected":false},"author":5,"featured_media":0,"parent":0,"menu_order":0,"comment_status":"closed","ping_status":"closed","template":"","meta":{"_monsterinsights_skip_tracking":false,"_monsterinsights_sitenote_active":false,"_monsterinsights_sitenote_note":"","_monsterinsights_sitenote_category":0,"_EventAllDay":false,"_EventTimezone":"","_EventStartDate":"","_EventEndDate":"","_EventStartDateUTC":"","_EventEndDateUTC":"","_EventShowMap":false,"_EventShowMapLink":false,"_EventURL":"","_EventCost":"","_EventCostDescription":"","_EventCurrencySymbol":"","_EventCurrencyPosition":"","_EventDateTimeSeparator":"","_EventTimeRangeSeparator":"","_EventOrganizerID":[],"_EventVenueID":0,"_OrganizerEmail":"","_OrganizerPhone":"","_OrganizerWebsite":"","_VenueAddress":"","_VenueCity":"","_VenueCountry":"","_VenueProvince":"","_VenueZip":"","_VenuePhone":"","_VenueURL":"","_VenueStateProvince":"","_VenueLat":"","_VenueLng":"","footnotes":""},"class_list":["post-3392","page","type-page","status-publish","hentry"],"_links":{"self":[{"href":"https:\/\/www.projet-cecc.org\/index.php?rest_route=\/wp\/v2\/pages\/3392","targetHints":{"allow":["GET"]}}],"collection":[{"href":"https:\/\/www.projet-cecc.org\/index.php?rest_route=\/wp\/v2\/pages"}],"about":[{"href":"https:\/\/www.projet-cecc.org\/index.php?rest_route=\/wp\/v2\/types\/page"}],"author":[{"embeddable":true,"href":"https:\/\/www.projet-cecc.org\/index.php?rest_route=\/wp\/v2\/users\/5"}],"replies":[{"embeddable":true,"href":"https:\/\/www.projet-cecc.org\/index.php?rest_route=%2Fwp%2Fv2%2Fcomments&post=3392"}],"version-history":[{"count":26,"href":"https:\/\/www.projet-cecc.org\/index.php?rest_route=\/wp\/v2\/pages\/3392\/revisions"}],"predecessor-version":[{"id":4493,"href":"https:\/\/www.projet-cecc.org\/index.php?rest_route=\/wp\/v2\/pages\/3392\/revisions\/4493"}],"wp:attachment":[{"href":"https:\/\/www.projet-cecc.org\/index.php?rest_route=%2Fwp%2Fv2%2Fmedia&parent=3392"}],"curies":[{"name":"wp","href":"https:\/\/api.w.org\/{rel}","templated":true}]}}

Axe 1 : Trajectoires régionales

<div data-elementor-type="wp-page" data-elementor-id="3392" class="elementor elementor-3392" data-elementor-post-type="page">
						<section class="elementor-section elementor-top-section elementor-element elementor-element-1fb60f3 elementor-section-boxed elementor-section-height-default elementor-section-height-default" data-id="1fb60f3" data-element_type="section">
						<div class="elementor-container elementor-column-gap-default">
					<div class="elementor-column elementor-col-100 elementor-top-column elementor-element elementor-element-7fc9380" data-id="7fc9380" data-element_type="column">
			<div class="elementor-widget-wrap elementor-element-populated">
						<div class="elementor-element elementor-element-759128a elementor-widget elementor-widget-text-editor" data-id="759128a" data-element_type="widget" data-widget_type="text-editor.default">
				<div class="elementor-widget-container">
									<p><span style="color: #000080;"><strong>Cet axe de travail vise à produire des trajectoires d’évolution des ressources en eau et des aléas hydrométéorologiques à l’échelle d’une région climatique, les deux régions d’application étant ici le Sahel et les Andes Tropicales Sud. </strong></span></p><p><span style="color: #000080;"><strong>Dans un premier temps, l’objectif est de mieux décrire et comprendre les modifications passées et présentes des différents termes du cycle de l’eau des grands bassins du Sahel ouest-africain et des bassins de la zone andine. </strong></span></p><p><span style="color: #000080;"><strong>Il s’agira ensuite d’anticiper les changements à venir possibles sous l’effet combiné du réchauffement climatique et d’évolution d’usage des sols, à l’horizon 2050-2100. </strong></span></p><p><span style="color: #000080;"><strong>Ces trajectoires hydro-climatiques doivent permettre d’objectiver et de scénariser la manière dont le changement global pourrait macroscopiquement peser sur les trajectoires de développement appuyées par l’AFD, et de les prendre en compte pour infléchir la conduite des opérations « conventionnelles » financées dans le domaine de l’eau à l’échelle de territoires spécifiques (Axe 2 du projet). </strong></span></p><p><span style="color: #000080;"><strong>Les trajectoires produites dans ces actions seront probabilisées ou, à tout le moins, assorties de connaissances auxiliaires qui permettront de fonder un apprentissage collectif sur des outils intégrés et d’informer les utilisateurs sur les incertitudes qui leur sont associées.</strong></span></p>								</div>
				</div>
					</div>
		</div>
					</div>
		</section>
				<section class="elementor-section elementor-top-section elementor-element elementor-element-f8b493d elementor-section-boxed elementor-section-height-default elementor-section-height-default" data-id="f8b493d" data-element_type="section">
						<div class="elementor-container elementor-column-gap-default">
					<div class="elementor-column elementor-col-33 elementor-top-column elementor-element elementor-element-699837b" data-id="699837b" data-element_type="column">
			<div class="elementor-widget-wrap elementor-element-populated">
						<div class="elementor-element elementor-element-2f5ddb2 elementor-button-warning elementor-widget elementor-widget-button" data-id="2f5ddb2" data-element_type="widget" data-widget_type="button.default">
				<div class="elementor-widget-container">
									<div class="elementor-button-wrapper">
					<a class="elementor-button elementor-button-link elementor-size-lg" href="http://www.projet-cecc.org/index.php/debiaisage-de-cmip-5-6/">
						<span class="elementor-button-content-wrapper">
									<span class="elementor-button-text">Actions : Débiaisage de scénarios CMIP 5/6</span>
					</span>
					</a>
				</div>
								</div>
				</div>
					</div>
		</div>
				<div class="elementor-column elementor-col-33 elementor-top-column elementor-element elementor-element-c98c1eb" data-id="c98c1eb" data-element_type="column">
			<div class="elementor-widget-wrap elementor-element-populated">
						<div class="elementor-element elementor-element-4b997bb elementor-button-warning elementor-widget elementor-widget-button" data-id="4b997bb" data-element_type="widget" data-widget_type="button.default">
				<div class="elementor-widget-container">
									<div class="elementor-button-wrapper">
					<a class="elementor-button elementor-button-link elementor-size-lg" href="http://www.projet-cecc.org/index.php/impact-de-lusage-des-terres/">
						<span class="elementor-button-content-wrapper">
									<span class="elementor-button-text">Actions : Impact de l’usage des terres</span>
					</span>
					</a>
				</div>
								</div>
				</div>
					</div>
		</div>
				<div class="elementor-column elementor-col-33 elementor-top-column elementor-element elementor-element-0d54615" data-id="0d54615" data-element_type="column">
			<div class="elementor-widget-wrap elementor-element-populated">
						<div class="elementor-element elementor-element-163d825 elementor-button-warning elementor-widget elementor-widget-button" data-id="163d825" data-element_type="widget" data-widget_type="button.default">
				<div class="elementor-widget-container">
									<div class="elementor-button-wrapper">
					<a class="elementor-button elementor-button-link elementor-size-lg" href="http://www.projet-cecc.org/index.php/informations-hydroclimatiques-regionales/">
						<span class="elementor-button-content-wrapper">
									<span class="elementor-button-text">Actions : Informations hydroclimatiques régionales</span>
					</span>
					</a>
				</div>
								</div>
				</div>
					</div>
		</div>
					</div>
		</section>
				<section class="elementor-section elementor-top-section elementor-element elementor-element-f16d13d elementor-section-boxed elementor-section-height-default elementor-section-height-default" data-id="f16d13d" data-element_type="section">
						<div class="elementor-container elementor-column-gap-default">
					<div class="elementor-column elementor-col-100 elementor-top-column elementor-element elementor-element-3da1186" data-id="3da1186" data-element_type="column">
			<div class="elementor-widget-wrap elementor-element-populated">
						<div class="elementor-element elementor-element-8d1544a elementor-widget elementor-widget-spacer" data-id="8d1544a" data-element_type="widget" data-widget_type="spacer.default">
				<div class="elementor-widget-container">
							<div class="elementor-spacer">
			<div class="elementor-spacer-inner"></div>
		</div>
						</div>
				</div>
				<div class="elementor-element elementor-element-6364a00 elementor-view-stacked elementor-shape-circle elementor-widget elementor-widget-icon" data-id="6364a00" data-element_type="widget" data-widget_type="icon.default">
				<div class="elementor-widget-container">
							<div class="elementor-icon-wrapper">
			<div class="elementor-icon">
			<svg aria-hidden="true" class="e-font-icon-svg e-fas-chart-line" viewBox="0 0 512 512" xmlns="http://www.w3.org/2000/svg"><path d="M496 384H64V80c0-8.84-7.16-16-16-16H16C7.16 64 0 71.16 0 80v336c0 17.67 14.33 32 32 32h464c8.84 0 16-7.16 16-16v-32c0-8.84-7.16-16-16-16zM464 96H345.94c-21.38 0-32.09 25.85-16.97 40.97l32.4 32.4L288 242.75l-73.37-73.37c-12.5-12.5-32.76-12.5-45.25 0l-68.69 68.69c-6.25 6.25-6.25 16.38 0 22.63l22.62 22.62c6.25 6.25 16.38 6.25 22.63 0L192 237.25l73.37 73.37c12.5 12.5 32.76 12.5 45.25 0l96-96 32.4 32.4c15.12 15.12 40.97 4.41 40.97-16.97V112c.01-8.84-7.15-16-15.99-16z"></path></svg>			</div>
		</div>
						</div>
				</div>
					</div>
		</div>
					</div>
		</section>
				</div>

<p>Cet axe de travail vise à produire des trajectoires d’évolution des ressources en eau et des aléas hydrométéorologiques à l’échelle d’une région climatique, les deux régions d’application étant ici le</p></div>
<div class="blog-btn"><a href="https://www.projet-cecc.org/?page_id=3392" class="home-blog-btn">Lire la suite</a></p>
