{"id":1573,"date":"2021-09-02T12:06:31","date_gmt":"2021-09-02T10:06:31","guid":{"rendered":"http:\/\/projet-cecc.org\/?page_id=1573"},"modified":"2022-02-24T14:37:03","modified_gmt":"2022-02-24T13:37:03","slug":"axes-de-travail","status":"publish","type":"page","link":"https:\/\/www.projet-cecc.org\/?page_id=1573","title":{"rendered":"Axes de travail"},"content":{"rendered":"\t\t<div data-elementor-type=\"wp-page\" data-elementor-id=\"1573\" class=\"elementor elementor-1573\" data-elementor-post-type=\"page\">\n\t\t\t\t\t\t<section class=\"elementor-section elementor-top-section elementor-element elementor-element-a8cec7e elementor-section-boxed elementor-section-height-default elementor-section-height-default\" data-id=\"a8cec7e\" data-element_type=\"section\">\n\t\t\t\t\t\t<div class=\"elementor-container elementor-column-gap-default\">\n\t\t\t\t\t<div class=\"elementor-column elementor-col-100 elementor-top-column elementor-element elementor-element-b920894\" data-id=\"b920894\" data-element_type=\"column\">\n\t\t\t<div class=\"elementor-widget-wrap elementor-element-populated\">\n\t\t\t\t\t\t<div class=\"elementor-element elementor-element-6037fae elementor-widget elementor-widget-heading\" data-id=\"6037fae\" data-element_type=\"widget\" data-widget_type=\"heading.default\">\n\t\t\t\t<div class=\"elementor-widget-container\">\n\t\t\t\t\t<h2 class=\"elementor-heading-title elementor-size-default\">Structure g\u00e9n\u00e9rale du projet CECC : <\/h2>\t\t\t\t<\/div>\n\t\t\t\t<\/div>\n\t\t\t\t\t<\/div>\n\t\t<\/div>\n\t\t\t\t\t<\/div>\n\t\t<\/section>\n\t\t\t\t<section class=\"elementor-section elementor-top-section elementor-element elementor-element-d0c70e8 elementor-section-boxed elementor-section-height-default elementor-section-height-default\" data-id=\"d0c70e8\" data-element_type=\"section\">\n\t\t\t\t\t\t<div class=\"elementor-container elementor-column-gap-default\">\n\t\t\t\t\t<div class=\"elementor-column elementor-col-100 elementor-top-column elementor-element elementor-element-915f770\" data-id=\"915f770\" data-element_type=\"column\">\n\t\t\t<div class=\"elementor-widget-wrap elementor-element-populated\">\n\t\t\t\t\t\t<div class=\"elementor-element elementor-element-6862285 elementor-widget elementor-widget-text-editor\" data-id=\"6862285\" data-element_type=\"widget\" data-widget_type=\"text-editor.default\">\n\t\t\t\t<div class=\"elementor-widget-container\">\n\t\t\t\t\t\t\t\t\t<p>Le travail d\u2019\u00e9laboration d\u2019outils et produits est structur\u00e9 autour de deux grands axes : i) un axe r\u00e9gional (bassins des fleuves Niger et S\u00e9n\u00e9gal au Sahel ; zone de transition avec les Andes de la moiti\u00e9 sud de l\u2019Amazonie) et, ii) un axe sous-r\u00e9gional qui est construit autour de territoires cibles (bassins du Niger moyen et ville de Niamey au Niger, bassin du S\u00e9n\u00e9gal moyen et ville de Dakar au S\u00e9n\u00e9gal ; vall\u00e9e du B\u00e9ni et lac Titicaca dans les Andes). Sur ces diff\u00e9rentes zones on vise \u00e0 d\u00e9velopper des outils permettant de caract\u00e9riser comment le r\u00e9chauffement global et les changements d&rsquo;usage des terres sont susceptibles d\u2019induire des modifications du cycle hydrologique qui modifieront \u00e0 la fois les risques d\u2019inondation et les risques de s\u00e9cheresse. Ces modifications seront d\u00e9crites sous formes de trajectoires, probabilis\u00e9es dans certains cas, qui permettront aux gestionnaires ou concepteurs d\u2019ouvrages (actuels et projet\u00e9s) d\u2019ajuster leurs strat\u00e9gies de dimensionnement ou d\u2019op\u00e9ration pour optimiser leur fonctionnement et minimiser leurs impacts. Ceci est d\u2019autant plus essentiel que le risque de p\u00e9nurie hydrique pousse les Etats \u00e0 construire des barrages-r\u00e9servoirs pour d\u00e9velopper l\u2019irrigation, tandis que l\u2019augmentation du risque hydrologique (du fait d&rsquo;al\u00e9as et de vuln\u00e9rabilit\u00e9s accrus) pousse \u00e9galement \u00e0 planifier de nouvelles infrastructures (barrages, forages, ou petits am\u00e9nagements locaux).<\/p><p><br \/>Ce travail de construction et de synth\u00e8se s\u2019appuiera en amont sur une d\u00e9marche r\u00e9flexive pour mieux identifier comment les outils et produits peuvent \u00eatre r\u00e9ellement utiles aux et utilisables par les diff\u00e9rents acteurs vis\u00e9s. Et il s\u2019incarnera dans un portail qui rassemblera donn\u00e9es, outils et produits.<\/p>\t\t\t\t\t\t\t\t<\/div>\n\t\t\t\t<\/div>\n\t\t\t\t\t<\/div>\n\t\t<\/div>\n\t\t\t\t\t<\/div>\n\t\t<\/section>\n\t\t\t\t<section class=\"elementor-section elementor-top-section elementor-element elementor-element-77bdd92 elementor-section-boxed elementor-section-height-default elementor-section-height-default\" data-id=\"77bdd92\" data-element_type=\"section\">\n\t\t\t\t\t\t<div class=\"elementor-container elementor-column-gap-default\">\n\t\t\t\t\t<div class=\"elementor-column elementor-col-100 elementor-top-column elementor-element elementor-element-057f14f\" data-id=\"057f14f\" data-element_type=\"column\">\n\t\t\t<div class=\"elementor-widget-wrap elementor-element-populated\">\n\t\t\t\t\t\t<div class=\"elementor-element elementor-element-dd26294 elementor-hidden-mobile elementor-widget elementor-widget-image\" data-id=\"dd26294\" data-element_type=\"widget\" data-widget_type=\"image.default\">\n\t\t\t\t<div class=\"elementor-widget-container\">\n\t\t\t\t\t\t\t\t\t\t\t\t\t\t\t<img decoding=\"async\" src=\"https:\/\/www.projet-cecc.org\/wp-content\/uploads\/Schema-site-internet-CECC_page-0001-1.jpg\" title=\"Schema site internet CECC_page-0001 (1)\" alt=\"Schema site internet CECC_page-0001 (1)\" loading=\"lazy\" \/>\t\t\t\t\t\t\t\t\t\t\t\t\t\t\t<\/div>\n\t\t\t\t<\/div>\n\t\t\t\t\t<\/div>\n\t\t<\/div>\n\t\t\t\t\t<\/div>\n\t\t<\/section>\n\t\t\t\t<section class=\"elementor-section elementor-top-section elementor-element elementor-element-c735011 elementor-section-boxed elementor-section-height-default elementor-section-height-default\" data-id=\"c735011\" data-element_type=\"section\">\n\t\t\t\t\t\t<div class=\"elementor-container elementor-column-gap-default\">\n\t\t\t\t\t<div class=\"elementor-column elementor-col-100 elementor-top-column elementor-element elementor-element-afb7e9a\" data-id=\"afb7e9a\" data-element_type=\"column\">\n\t\t\t<div class=\"elementor-widget-wrap elementor-element-populated\">\n\t\t\t\t\t\t<div class=\"elementor-element elementor-element-f58a6cb elementor-widget elementor-widget-heading\" data-id=\"f58a6cb\" data-element_type=\"widget\" data-widget_type=\"heading.default\">\n\t\t\t\t<div class=\"elementor-widget-container\">\n\t\t\t\t\t<h4 class=\"elementor-heading-title elementor-size-medium\">Axe 0\u00a0: Accompagnement r\u00e9flexif\u00a0\n<\/h4>\t\t\t\t<\/div>\n\t\t\t\t<\/div>\n\t\t\t\t<div class=\"elementor-element elementor-element-0c7d4a5 elementor-widget__width-inherit elementor-widget elementor-widget-text-editor\" data-id=\"0c7d4a5\" data-element_type=\"widget\" data-widget_type=\"text-editor.default\">\n\t\t\t\t<div class=\"elementor-widget-container\">\n\t\t\t\t\t\t\t\t\t<p>Dans le cadre de cet axe de travail, la cellule d&rsquo;accompagnement r\u00e9flexif du projet sera amen\u00e9e \u00e0 appuyer le processus r\u00e9flexif des chercheurs du projet CECC :\u00a0 sur leurs \u00ab produits \u00bb \u00e0 d\u00e9velopper dans le cadre du projet, sur leurs mani\u00e8res de concevoir les \u00ab utilisateurs finaux \u00bb vis\u00e9s et de \u00ab transf\u00e9rer \u00bb leurs \u00ab produits \u00bb. Cet accompagnement aura lieu d\u2019abord dans un processus r\u00e9flexif avec les chercheurs et tourn\u00e9s vers leurs pratiques, puis, en associant les \u00ab utilisateurs finaux \u00bb, sur les \u00e9carts entre les objectifs des chercheurs et ceux des utilisateurs, et la mani\u00e8re de les r\u00e9duire par une n\u00e9gociation des \u00ab produits \u00bb pour am\u00e9liorer leur \u00ab transfert \u00bb.<\/p><p>Les supports\u00a0 de r\u00e9flexivit\u00e9 et de dialogue seront r\u00e9alis\u00e9s collectivement, de mani\u00e8re \u00e9volutive.\u00a0<\/p><p>Ce travail r\u00e9flexif se d\u00e9coupera en plusieurs moments cl\u00e9s au cours du projet :\u00a0<\/p><ul><li><strong>Moment 1 :<\/strong> Travail de r\u00e9flexion des chercheurs du projet sur la mani\u00e8re dont chacun d\u00e9finit ce qu\u2019est un \u00ab produit \u00bb, comment il le con\u00e7oit, en quoi il consid\u00e8re que ce \u00ab produit \u00bb peut \u00eatre utile et \u00e0 qui.\u00a0<\/li><li><strong>Moment 2:<\/strong> Organisation d&rsquo;ateliers de dialogue dans les zones cibles du projet, avec comme objectif d\u2019instaurer un dialogue entre chercheurs et \u00ab utilisateurs \u00bb potentiels autour de plusieurs \u00ab produits \u00bb pour en n\u00e9gocier la forme, les modalit\u00e9s d\u2019utilisation (quelles variables sont importantes pour les uns et les autres, quelle interface\u2026). Ces ateliers viseront \u00e0 valider les produits qui seront d\u00e9velopp\u00e9s dans le cadre de chaque activit\u00e9.\u00a0<\/li><li><strong>Moment 3 :<\/strong> Accompagnement du transfert des produits. L\u2019objectif est d\u2019observer et d\u2019aider la phase de pr\u00e9sentation du \u00ab produit fini \u00bb aux \u00ab utilisateurs \u00bb, leur formation \u00e0 l\u2019utilisation de ce \u00ab produit \u00bb, et la conception n\u00e9goci\u00e9e entre chercheurs et \u00ab utilisateurs \u00bb des modalit\u00e9s de leur diffusion au sein du r\u00e9seau d\u2019acteurs concern\u00e9s.<\/li><\/ul>\t\t\t\t\t\t\t\t<\/div>\n\t\t\t\t<\/div>\n\t\t\t\t\t<\/div>\n\t\t<\/div>\n\t\t\t\t\t<\/div>\n\t\t<\/section>\n\t\t\t\t<section class=\"elementor-section elementor-top-section elementor-element elementor-element-8f00a69 elementor-section-boxed elementor-section-height-default elementor-section-height-default\" data-id=\"8f00a69\" data-element_type=\"section\">\n\t\t\t\t\t\t<div class=\"elementor-container elementor-column-gap-default\">\n\t\t\t\t\t<div class=\"elementor-column elementor-col-100 elementor-top-column elementor-element elementor-element-7825edc\" data-id=\"7825edc\" data-element_type=\"column\">\n\t\t\t<div class=\"elementor-widget-wrap elementor-element-populated\">\n\t\t\t\t\t\t<div class=\"elementor-element elementor-element-2519b02 elementor-widget elementor-widget-heading\" data-id=\"2519b02\" data-element_type=\"widget\" data-widget_type=\"heading.default\">\n\t\t\t\t<div class=\"elementor-widget-container\">\n\t\t\t\t\t<h4 class=\"elementor-heading-title elementor-size-medium\">Axe 1&nbsp;: Construction de trajectoires r\u00e9gionales hydro-climatiques&nbsp;\n<\/h4>\t\t\t\t<\/div>\n\t\t\t\t<\/div>\n\t\t\t\t<div class=\"elementor-element elementor-element-b71882e elementor-widget__width-inherit elementor-widget elementor-widget-text-editor\" data-id=\"b71882e\" data-element_type=\"widget\" data-widget_type=\"text-editor.default\">\n\t\t\t\t<div class=\"elementor-widget-container\">\n\t\t\t\t\t\t\t\t\t<p>Cet axe de travail vise \u00e0 construire des trajectoires hydro-climatiques r\u00e9gionales, conditionn\u00e9es \u00e0 diff\u00e9rents sc\u00e9narios d\u2019\u00e9volution climatique et d\u2019usage des sols et destin\u00e9es \u00e0 alimenter les actions de l\u2019Axe N\u00b02 sur les territoires cibles.<\/p><ul><li><b>D\u00e9sagr\u00e9gation et <\/b><b>d\u00e9biaisage<\/b><b> des sc\u00e9narios climatiques CMIP 5 et <\/b><b><b>6 : <\/b><\/b>Evaluation des performances des mod\u00e8les de climat CMIP5 et CMIP6 sur la p\u00e9riode historique, en les comparant aux donn\u00e9es acquises dans le cadre du projet : correction de biais, comparaison des projections climatiques corrig\u00e9es des exercices CMIP5 et CMIP6 sur plusieurs r\u00e9gions, en particulier les Andes, le Nordeste Br\u00e9silien et l\u2019Afrique de l\u2019Ouest; et construction de sc\u00e9narii climatiques mais aussi quantification des incertitudes sur ces sc\u00e9narios.\u00a0<\/li><li><b>Production <\/b><b>de cartes ETR <\/b><b>;<\/b><\/li><li><b>Sc\u00e9narios <\/b><b>LULC <\/b><b>\u2013 changement d\u2019usage des sols :\u00a0 <\/b>Elaboration de trajectoires Land Use Land Cover \u00e0 l&rsquo;horizon 2050 \/2100, critiqu\u00e9es et corrig\u00e9es, pour l&rsquo;estimation de trajectoires hydrologiques.\u00a0<\/li><li><b>Trajectoires <\/b><b>hydroclimatiques<\/b><b> du Sahel <\/b><b><b>\u2013 simulations PARFLOW : <\/b><\/b>Quantification des \u00e9volutions relatives des flux d\u2019eau et des r\u00e9serves de surface et souterraines.<\/li><li><b><strong>Impacts des changements de v\u00e9g\u00e9tation en Amazonie sur les pr\u00e9cipitations des Andes tropicales dans un sc\u00e9nario futur de changement climatique<\/strong> : <\/b>D\u00e9veloppement d&rsquo;une m\u00e9thodologie prenant en compte les sorties des GCMs du GIECC (WCRP\/CMIP6) des 30 derni\u00e8res ann\u00e9es pour \u00e9tablir des projections futures des pr\u00e9cipitations dans la r\u00e9gion de transition Andes &#8211; Amazonie, dans un sc\u00e9nario futur de changement climatique, pour la fin du 21\u00e8me si\u00e8cle.<\/li><li><b>Courbes <\/b><b>IDF r\u00e9gionales : <\/b>Production de courbes IDF dans un contexte non stationnaire et \u00e9valuation de leur potentiel \u00e0 fournir des guides pertinents pour les utilisateurs finaux.<\/li><\/ul>\t\t\t\t\t\t\t\t<\/div>\n\t\t\t\t<\/div>\n\t\t\t\t\t<\/div>\n\t\t<\/div>\n\t\t\t\t\t<\/div>\n\t\t<\/section>\n\t\t\t\t<section class=\"elementor-section elementor-top-section elementor-element elementor-element-e20182a elementor-section-boxed elementor-section-height-default elementor-section-height-default\" data-id=\"e20182a\" data-element_type=\"section\">\n\t\t\t\t\t\t<div class=\"elementor-container elementor-column-gap-default\">\n\t\t\t\t\t<div class=\"elementor-column elementor-col-100 elementor-top-column elementor-element elementor-element-6bd74d6\" data-id=\"6bd74d6\" data-element_type=\"column\">\n\t\t\t<div class=\"elementor-widget-wrap elementor-element-populated\">\n\t\t\t\t\t\t<div class=\"elementor-element elementor-element-7e564fb elementor-widget elementor-widget-heading\" data-id=\"7e564fb\" data-element_type=\"widget\" data-widget_type=\"heading.default\">\n\t\t\t\t<div class=\"elementor-widget-container\">\n\t\t\t\t\t<h4 class=\"elementor-heading-title elementor-size-medium\">Axe 2 : Elaboration de produits et d\u00e9monstrateurs sur les territoires-cibles&nbsp;\n<\/h4>\t\t\t\t<\/div>\n\t\t\t\t<\/div>\n\t\t\t\t<div class=\"elementor-element elementor-element-c60e26c elementor-widget__width-inherit elementor-widget elementor-widget-text-editor\" data-id=\"c60e26c\" data-element_type=\"widget\" data-widget_type=\"text-editor.default\">\n\t\t\t\t<div class=\"elementor-widget-container\">\n\t\t\t\t\t\t\t\t\t<p>Cet axe de travail s\u2019appuie sur des territoires cibles pour traiter d\u2019une ou de plusieurs des 4 grandes probl\u00e9matiques du projet (inondations, ressources en eau, s\u00e9cheresses, gestion des ouvrages) sur la base des enjeux propres \u00e0 ces territoires. Chaque action propose de d\u00e9velopper des outils et d\u00e9monstrateurs visant \u00e0 sc\u00e9nariser comment ces enjeux pourraient \u00e9voluer dans le futur, du fait du changement global, tout en \u00e9tant suffisamment g\u00e9n\u00e9riques pour pouvoir s\u2019adapter \u00e0 d\u2019autres situations.<\/p><p><strong>Actions au S\u00e9n\u00e9gal :<\/strong><\/p><ul><li><p><strong>Inondations urbaines \u00e0 Dakar :<\/strong> d\u00e9finir les conditions d\u2019utilisation d\u2019un mod\u00e8le hydrologique et d\u2019un mod\u00e8le hydraulique pour repr\u00e9senter les flux d\u2019eau et les zones inond\u00e9es en milieu urbain, et d&rsquo;utiliser un LIDAR pour am\u00e9liorer la topologie du drainage (directions d\u2019\u00e9coulement) dans le mod\u00e8le hydrologique et la repr\u00e9sentation des zones inond\u00e9es dans le mod\u00e8le hydraulique.\u00a0<\/p><\/li><li><p><strong>Trajectoires urbaines \u00e0 Dakar :<\/strong> analyser les principaux facteurs physiques et sociaux de vuln\u00e9rabilit\u00e9 face aux inondations et leurs impacts \u00e9conomiques et sociaux; mais aussi documenter les dynamiques pass\u00e9es des \u00e9tablissements humains, ce qui permettra de proposer des scenarios, des trajectoires urbaines futures.<\/p><\/li><li><p><strong>Gestion int\u00e9gr\u00e9e des ouvrages : <\/strong>gestion de r\u00e9servoirs pour la satisfaction d\u2019objectifs multicrit\u00e8res (Nexus eau-alimentation-\u00e9nergie-\u00e9cosyst\u00e8mes) dans le bassin du fleuve S\u00e9n\u00e9gal. L&rsquo;objectif sera d&rsquo;appuyer le d\u00e9veloppement et le transfert d\u2019un outil d\u2019aide \u00e0 la d\u00e9cision pour simuler l\u2019influence de sc\u00e9narios de gestion et d\u2019am\u00e9nagement de r\u00e9servoirs sur le NEXUS EEEA, dans un contexte de changement global.<\/p><\/li><\/ul><p><strong>Actions au Niger :<\/strong><\/p><div><ul><li><p><strong>Focus Eau Verte \u2013 mod\u00e8le SiSPAT\u00a0\u00a0<\/strong><\/p><\/li><li><p><strong>Couplage Surface-Souterrain sur le Niger Moyen\u00a0<\/strong><\/p><\/li><li><p><strong>Apport des nouvelles mesures spatiales :<\/strong> \u00e9tude des apports des nouvelles mesures spatiales pour le suivi et la pr\u00e9vision d&rsquo;\u00e9v\u00e8nements climatiques comme les inondations qui ont lieu au Niger en 2020 : analyse des ph\u00e9nom\u00e8nes, pr\u00e9vision des risques, etc.\u00a0<\/p><\/li><li><p><strong>Simulations PARFLOW zoom\u00e9 sur le Niger Moyen :<\/strong> quantifier les \u00e9volutions relatives des eaux de surface et souterraines au Niger moyen sous sc\u00e9narios d\u2019am\u00e9nagements de surface<\/p><\/li><\/ul><\/div><p><strong>Actions dans les Andes<\/strong> :<\/p><ul><li><p><strong>Etude int\u00e9gr\u00e9e des ressources : Variations \u00e0 long terme de la ressource en eau du lac Titicaca et des hauts bassins amazoniens. <\/strong>Simulation pr\u00e9sente et future de des ressources en eau du Lac Titicaca \u00e0 l&rsquo;Ouest, et du haut Rio B\u00e9ni \u00e0 l&rsquo;Est.<\/p><\/li><li><p><strong>Types de circulation atmosph\u00e9rique dans la zone Andino-Amazonienne pour la pr\u00e9vision des pr\u00e9cipitations. <\/strong>Identification des types de circulation dans la r\u00e9gion de l\u2019Altiplano et analyser ses relations avec l\u2019\u00e9chelle r\u00e9gionale (types de circulation identifi\u00e9s dans les \u00e9tudes pr\u00e9c\u00e9dentes).\u00a0<\/p><\/li><\/ul>\t\t\t\t\t\t\t\t<\/div>\n\t\t\t\t<\/div>\n\t\t\t\t\t<\/div>\n\t\t<\/div>\n\t\t\t\t\t<\/div>\n\t\t<\/section>\n\t\t\t\t<section class=\"elementor-section elementor-top-section elementor-element elementor-element-6c4fe02 elementor-section-boxed elementor-section-height-default elementor-section-height-default\" data-id=\"6c4fe02\" data-element_type=\"section\">\n\t\t\t\t\t\t<div class=\"elementor-container elementor-column-gap-default\">\n\t\t\t\t\t<div class=\"elementor-column elementor-col-100 elementor-top-column elementor-element elementor-element-edb55d8\" data-id=\"edb55d8\" data-element_type=\"column\">\n\t\t\t<div class=\"elementor-widget-wrap elementor-element-populated\">\n\t\t\t\t\t\t<div class=\"elementor-element elementor-element-4ea6fe2 elementor-widget elementor-widget-heading\" data-id=\"4ea6fe2\" data-element_type=\"widget\" data-widget_type=\"heading.default\">\n\t\t\t\t<div class=\"elementor-widget-container\">\n\t\t\t\t\t<h4 class=\"elementor-heading-title elementor-size-medium\">Axe 3&nbsp;: D\u00e9veloppement d'un portail informatique de mise \u00e0 disposition des donn\u00e9es&nbsp;\n<\/h4>\t\t\t\t<\/div>\n\t\t\t\t<\/div>\n\t\t\t\t<div class=\"elementor-element elementor-element-fc99c3b elementor-widget elementor-widget-text-editor\" data-id=\"fc99c3b\" data-element_type=\"widget\" data-widget_type=\"text-editor.default\">\n\t\t\t\t<div class=\"elementor-widget-container\">\n\t\t\t\t\t\t\t\t\t<p>Cet axe de travail vise \u00e0 d\u00e9velopper un portail informatique permettant d\u2019acc\u00e9der \u00e0 des connaissances (publications scientifiques notamment), des observations et donn\u00e9es de diff\u00e9rentes origines (in situ, satellites, combin\u00e9es), ainsi qu\u2019\u00e0 des produits (sorties de mod\u00e8les hydro-climatiques aux \u00e9chelles appropri\u00e9es pour les d\u00e9cideurs et gestionnaires ; courbes Intensit\u00e9 Dur\u00e9e Fr\u00e9quence) et des d\u00e9monstrateurs (outils de gestion ou de sc\u00e9narisation des risques). Ce corpus d\u2019informations sera document\u00e9 et des outils seront mis \u00e0 disposition pour combiner son contenu. Le portail informatique est d\u00e9velopp\u00e9 au cours du projet et op\u00e9rationnalis\u00e9 \u00e0 la fin de celui-ci.<\/p><ul><li><p>Mise en valeur des produits pour \u00e9tayer la compr\u00e9hension de l\u2019impact et des effets du changements climatiques sur le cycle de l\u2019eau,<\/p><\/li><li><p>Exploration de sc\u00e9narios climatiques\/LUCC gr\u00e2ce \u00e0 un ou deux d\u00e9monstrateurs interactifs de deux cas d\u2019\u00e9tude,<\/p><\/li><li><p>D\u00e9couverte et l\u2019acc\u00e8s aux produits g\u00e9n\u00e9r\u00e9s par le projet<\/p><\/li><\/ul>\t\t\t\t\t\t\t\t<\/div>\n\t\t\t\t<\/div>\n\t\t\t\t\t<\/div>\n\t\t<\/div>\n\t\t\t\t\t<\/div>\n\t\t<\/section>\n\t\t\t\t<\/div>\n\t\t","protected":false},"excerpt":{"rendered":"<p>Structure g\u00e9n\u00e9rale du projet CECC : Le travail d\u2019\u00e9laboration d\u2019outils et produits est structur\u00e9 autour de deux grands axes : i) un axe r\u00e9gional (bassins des fleuves Niger et S\u00e9n\u00e9gal<\/p><\/div>\n<div class=\"blog-btn\"><a href=\"https:\/\/www.projet-cecc.org\/?page_id=1573\" class=\"home-blog-btn\">Lire la suite<\/a><\/p>\n","protected":false},"author":1,"featured_media":0,"parent":0,"menu_order":0,"comment_status":"closed","ping_status":"closed","template":"template\/template-page-full-width.php","meta":{"_monsterinsights_skip_tracking":false,"_monsterinsights_sitenote_active":false,"_monsterinsights_sitenote_note":"","_monsterinsights_sitenote_category":0,"_EventAllDay":false,"_EventTimezone":"","_EventStartDate":"","_EventEndDate":"","_EventStartDateUTC":"","_EventEndDateUTC":"","_EventShowMap":false,"_EventShowMapLink":false,"_EventURL":"","_EventCost":"","_EventCostDescription":"","_EventCurrencySymbol":"","_EventCurrencyPosition":"","_EventDateTimeSeparator":"","_EventTimeRangeSeparator":"","_EventOrganizerID":[],"_EventVenueID":0,"_OrganizerEmail":"","_OrganizerPhone":"","_OrganizerWebsite":"","_VenueAddress":"","_VenueCity":"","_VenueCountry":"","_VenueProvince":"","_VenueZip":"","_VenuePhone":"","_VenueURL":"","_VenueStateProvince":"","_VenueLat":"","_VenueLng":"","footnotes":""},"class_list":["post-1573","page","type-page","status-publish","hentry"],"_links":{"self":[{"href":"https:\/\/www.projet-cecc.org\/index.php?rest_route=\/wp\/v2\/pages\/1573","targetHints":{"allow":["GET"]}}],"collection":[{"href":"https:\/\/www.projet-cecc.org\/index.php?rest_route=\/wp\/v2\/pages"}],"about":[{"href":"https:\/\/www.projet-cecc.org\/index.php?rest_route=\/wp\/v2\/types\/page"}],"author":[{"embeddable":true,"href":"https:\/\/www.projet-cecc.org\/index.php?rest_route=\/wp\/v2\/users\/1"}],"replies":[{"embeddable":true,"href":"https:\/\/www.projet-cecc.org\/index.php?rest_route=%2Fwp%2Fv2%2Fcomments&post=1573"}],"version-history":[{"count":77,"href":"https:\/\/www.projet-cecc.org\/index.php?rest_route=\/wp\/v2\/pages\/1573\/revisions"}],"predecessor-version":[{"id":3363,"href":"https:\/\/www.projet-cecc.org\/index.php?rest_route=\/wp\/v2\/pages\/1573\/revisions\/3363"}],"wp:attachment":[{"href":"https:\/\/www.projet-cecc.org\/index.php?rest_route=%2Fwp%2Fv2%2Fmedia&parent=1573"}],"curies":[{"name":"wp","href":"https:\/\/api.w.org\/{rel}","templated":true}]}}